9?
28
What is the remainder when 116218266 is divided by 52?
34
What is the remainder when 975409 is divided by 69670?
29
Calculate the remainder when 21135041 is divided by 2676.
2669
What is the remainder when 93842 is divided by 837?
98
What is the remainder when 314614 is divided by 3343?
372
What is the remainder when 172540934 is divided by 63?
62
Calculate the remainder when 14294560 is divided by 46.
14
Calculate the remainder when 50826 is divided by 24296.
2234
Calculate the remainder when 72714 is divided by 6926.
3454
Calculate the remainder when 1103547 is divided by 220690.
97
What is the remainder when 8262 is divided by 1139?
289
What is the remainder when 95372800 is divided by 70?
40
Calculate the remainder when 1640087 is divided by 30945.
2
What is the remainder when 23368202 is divided by 31?
30
What is the remainder when 915828 is divided by 960?
948
Calculate the remainder when 13631490 is divided by 8.
2
What is the remainder when 16117840 is divided by 16430?
10
What is the remainder when 3263574 is divided by 1687?
916
What is the remainder when 150681 is divided by 1137?
597
What is the remainder when 157503 is divided by 52434?
201
Calculate the remainder when 3639669 is divided by 4945.
149
Calculate the remainder when 111824484 is divided by 11468.
16
What is the remainder when 1600708 is divided by 10394?
32
Calculate the remainder when 1393167 is divided by 2460.
807
Calculate the remainder when 49902 is divided by 4901.
892
Calculate the remainder when 2892726 is divided by 43.
30
Calculate the remainder when 801583 is divided by 307.
6
Calculate the remainder when 7217230 is divided by 846.
4
Calculate the remainder when 2388581 is divided by 91862.
169
What is the remainder when 128056696 is divided by 591?
589
What is the remainder when 55335 is divided by 10497?
2850
What is the remainder when 14541181 is divided by 1454118?
1
What is the remainder when 20676804 is divided by 838?
830
Calculate the remainder when 2014512 is divided by 393.
387
What is the remainder when 1636911 is divided by 263?
262
Calculate the remainder when 99356 is divided by 6291.
4991
Calculate the remainder when 8910552 is divided by 246.
186
Calculate the remainder when 244183 is divided by 40653.
265
Calculate the remainder when 22262682 is divided by 110.
2
Calculate the remainder when 310939 is divided by 2160.
2059
Calculate the remainder when 7109433 is divided by 422.
421
What is the remainder when 1471035 is divided by 2017?
642
What is the remainder when 118102 is divided by 154?
138
Calculate the remainder when 811968 is divided by 1605.
1443
Calculate the remainder when 2340426 is divided by 523.
1
What is the remainder when 4779122 is divided by 955818?
32
Calculate the remainder when 74677 is divided by 1111.
240
What is the remainder when 77923 is divided by 1182?
1093
Calculate the remainder when 9913215 is divided by 2052.
3
What is the remainder when 707999 is divided by 41?
11
Calculate the remainder when 90083 is divided by 12453.
2912
Calculate the remainder when 699730 is divided by 1452.
1318
What is the remainder when 261983 is divided by 43337?
1961
Calculate the remainder when 7219115 is divided by 1206.
1205
What is the remainder when 34549694 is divided by 100144?
14
What is the remainder when 4027482 is divided by 1585?
1582
What is the remainder when 6585346 is divided by 66?
64
Calculate the remainder when 4481795 is divided by 2782.
2775
Calculate the remainder when 95921 is divided by 7127.
3270
What is the remainder when 163010985 is divided by 5034?
5031
What is the remainder when 8244 is divided by 217?
215
Calculate the remainder when 120547 is divided by 24067.
212
Calculate the remainder when 16665 is divided by 2775.
15
Calculate the remainder when 10285493 is divided by 8.
5
What is the remainder when 150910 is divided by 3768?
190
What is the remainder when 47909 is divided by 1871?
1134
What is the remainder when 1365663 is divided by 329?
313
Calculate the remainder when 1143859 is divided by 7763.
2698
What is the remainder when 26071132 is divided by 13035559?
14
Calculate the remainder when 16817 is divided by 1358.
521
What is the remainder when 4026500 is divided by 14536?
28
Calculate the remainder when 47520557 is divided by 738.
737
What is the remainder when 36906997 is divided by 1757476?
1
What is the remainder when 1373075 is divided by 516?
515
What is the remainder when 329442 is divided by 2320?
2
What is the remainder when 25252 is divided by 24580?
672
What is the remainder when 186311378 is divided by 1054?
14
Calculate the remainder when 216424 is divided by 30900.
124
What is the remainder when 48309 is divided by 1163?
626
What is the remainder when 6378518 is divided by 63?
20
Calculate the remainder when 28437852 is divided by 59.
29
Calculate the remainder when 1909666 is divided by 1909469.
197
What is the remainder when 16553 is divided by 884?
641
What is the remainder when 8831619 is divided by 143?
82
Calculate the remainder when 915086 is divided by 25418.
38
Calculate the remainder when 805186 is divided by 89428.
334
What is the remainder when 101289 is divided by 487?
480
Calculate the remainder when 2832695 is divided by 1480.
1455
What is the remainder when 20894954 is divided by 1899541?
3
Calculate the remainder when 38722004 is divided by 119.
118
What is the remainder when 5278580 is divided by 12?
8
What is the remainder when 1002295 is divided by 167034?
91
What is the remainder when 310989 is divided by 103630?
99
What is the remainder when 349597649 is divided by 15?
14
What is the remainder when 112672 is divided by 111186?
1486
Calculate the remainder when 2837747 is divided by 218288.
3
What is the remainder when 15546 is divided by 2581?
60
What is the remainder when 28180736 is divided by 43?
41
Calculate the remainder when 21525181 is divided by 10762564.
53
Calculate the remainder when 257754 is divided by 257668.
86
What is the remainder when 11416343 is divided by 1892?
15
What is the remainder when 186370922 is divided by 463?
458
What is the remainder when 1169960 is divided by 12580?
20
Calculate the remainder when 6236550 is divided by 1049.
245
What is the remainder when 20652050 is divided by 143417?
2
What is the remainder when 51212 is divided by 1138?
2
Calculate the remainder when 3726312 is divided by 931565.
52
Calculate the remainder when 6196807 is divided by 1032765.
217
Calculate the remainder when 7579476 is divided by 1043.
1038
Calculate the remainder when 19428599 is divided by 3238099.
5
Calculate the remainder when 33196 is divided by 186.
88
Calculate the remainder when 36884532 is divided by 1114.
1106
Calculate the remainder when 170428111 is divided by 14.
7
What is the remainder when 2350207 is divided by 51087?
205
Calculate the remainder when 7781597 is divided by 19.
14
What is the remainder when 32872915 is divided by 73?
66
Calculate the remainder when 153907 is divided by 15336.
547
Calculate the remainder when 219951 is divided by 24.
15
What is the remainder when 56442607 is divided by 739?
4
Calculate the remainder when 505937 is divided by 2405.
887
Calculate the remainder when 32659119 is divided by 32659113.
6
Calculate the remainder when 72369768 is divided by 36184862.
44
Calculate the remainder when 46358441 is divided by 38218.
7
What is the remainder when 16101332 is divided by 87?
68
What is the remainder when 119830 is divided by 118456?
1374
What is the remainder when 70360932 is divided by 133766?
16
Calculate the remainder when 10420970 is divided by 69013.
7
What is the remainder when 5369 is divided by 391?
286
What is the remainder when 3472609 is divided by 204258?
223
Calculate the remainder when 9504621 is divided by 21358.
311
Calculate the remainder when 282127 is divided by 2739.
10
What is the remainder when 64589 is divided by 378?
329
What is the remainder when 179493 is divided by 58968?
2589
What is the remainder when 1041810 is divided by 1041793?
17
Calculate the remainder when 403561105 is divided by 166.
165
What is the remainder when 156567449 is divided by 21?
17
Calculate the remainder when 6223758 is divided by 266.
156
Calculate the remainder when 711844 is divid